et k be 2/(6/3 + -4). List the prime factors of k/6 - 182/(-12).
3, 5
Let x(m) = -m**3 - 11*m**2 - 5*m + 6. Let z(y) = -y + 2*y - 1 - 3*y**2 + 4*y**2. Let g(o) = -x(o) - 6*z(o). List the prime factors of g(-5).
5
Let j(a) = 5*a**2 + 179. List the prime factors of j(0).
179
Let f = 11 - 7. Suppose -y - f*q + 1 = 0, -3 = -4*y - 2*q + 15. Suppose 4*s = 35 + y. What are the prime factors of s?
2, 5
Let l(s) = -s**2 + s + 33. Let k be l(0). Let h = k - 14. List the prime factors of h.
19
Let n = 40 - 24. What are the prime factors of n?
2
Suppose 0 = -3*o - 2*o + 15. Let h(m) be the first derivative of -m**4/4 + 4*m**3/3 + 3*m - 7. What are the prime factors of h(o)?
2, 3
Let h(j) = -j**3 - 4*j**2 + 1. Let v be h(-4). Let r = v - -14. List the prime factors of r.
3, 5
List the prime factors of (-13)/(-52) - 647/(-4).
2, 3
Suppose -4*x = -61 - 175. List the prime factors of x.
59
Let v = 7 - 1. Let g be 3 + (0 - v/3). List the prime factors of (-1)/((-6)/(-7) - g).
7
Suppose -p = 1 - 6. Suppose -o = -0*o - p. Suppose 0*j = -o*j + 45. What are the prime factors of j?
3
Suppose w - 3*c + 12 = 0, -c = -5*w + 3*w + 1. Suppose 12 = w*p - 27. What are the prime factors of p?
13
Let l = 1 + 8. Suppose 0 = -4*j - 2*c + 14, j - l = -j + c. List the prime factors of j.
2
Suppose 4*o - 1834 = -642. List the prime factors of o.
2, 149
Let d be (-4)/5*(6 + -11). Suppose -2*u = -d*u. Suppose -4*x + 81 = -5*v, 0 = 3*v - u + 3. What are the prime factors of x?
19
Suppose -6*j = 45 - 123. What are the prime factors of j?
13
Suppose 0 = -2*n + n + 55. List the prime factors of n.
5, 11
Let h(r) = -9*r + 0 - r**2 - r**3 + 2*r**2 - 6 - 10*r**2. List the prime factors of h(-8).
2
Let t be (-1 + 3)/((-1)/(-2)). Let g(n) = n**2 + 2*n**2 - 5 + 6 - 2*n**2. What are the prime factors of g(t)?
17
Let c = 726 - 1028. Let m be c/(-18) + 6/27. Suppose -3 = 3*u, -4*b + 13 = -2*u - m. What are the prime factors of b?
7
Let o(f) = 2*f**2 - 8*f + 5. Let t be o(6). Suppose -t = -2*q - 7. Let b = q - 1. List the prime factors of b.
2, 5
Let q(o) = 2*o**3 - 4*o**2 + 2*o + 1. Let h be q(2). Let k = h - -3. What are the prime factors of k?
2
List the prime factors of (1 + -2)*(0 + -53).
53
List the prime factors of 0 + 0 - -4 - -2.
2, 3
Let f(z) = z**3 - z**2 - 29. Let t be f(0). Let s(j) = 2*j - 5. Let y be s(-8). Let v = y - t. List the prime factors of v.
2
What are the prime factors of (-8)/4*(-1 - 9)?
2, 5
Let y(m) = m + 3. Suppose -i + 3 - 7 = 0. Let n be y(i). What are the prime factors of (n - 17)*(-4)/6?
2, 3
Let a(m) = -m + 92. Suppose 1 = 4*z + 3*j - 5, 2*j = z + 4. Let u be a(z). Suppose 2*h = -2*h + u. What are the prime factors of h?
23
Let c be (1 - 6/(-3)) + 2. Let s = 10 - c. What are the prime factors of s?
5
Let t = -3 + 2. Let v(s) be the third derivative of -11*s**4/24 + 15*s**2. What are the prime factors of v(t)?
11
Suppose -5*s + 65 + 115 = 0. What are the prime factors of s?
2, 3
Suppose 5*w + 7 = 187. List the prime factors of w.
2, 3
Let s(g) = -g**3 - 9*g**2 - 9*g + 2. Suppose 3*j = 3*a - 30, -4*j + 2*a - a - 34 = 0. What are the prime factors of s(j)?
2, 5
Let f be (2 - 4 - -5) + -1. Suppose -5*x - 4*z + 20 = -x, -x + 4*z = 0. List the prime factors of (x/8)/(f/72).
2, 3
Let u(p) = 6*p + 1 - 5*p + 0. List the prime factors of u(4).
5
What are the prime factors of ((-35)/(-3))/(3/63)?
5, 7
Let y = -42 + 45. What are the prime factors of y?
3
Let f(d) = -d**2 + 3*d + 6. Let h be f(3). List the prime factors of h/(-8) - 973/(-28).
2, 17
Let t = 5 + 8. What are the prime factors of t?
13
List the prime factors of -4 + -1 + 46 + 0.
41
Let r(k) = k**3 - k**2 - k. Let d(w) = -w**3 - 3*w**2 + 2*w - 6. Let y(x) = -d(x) - 2*r(x). What are the prime factors of y(5)?
2, 3
Let a(n) = n**2 - 2*n + 1. Let b be a(-3). What are the prime factors of (b/(-10))/(2/(-55))?
2, 11
Suppose 0 = 5*t - t + 32. List the prime factors of (82/t)/(3/(-12)).
41
Let j(f) = -27*f + 1. Let x be j(-1). Suppose 0*r + 2*i - x = -r, 4*i - 152 = -5*r. What are the prime factors of r?
2
Let w = 41 - 11. Suppose 3*r - 8*r = -w. What are the prime factors of r?
2, 3
Let m(p) = p**3 + 9*p**2 + 5*p + 21. What are the prime factors of m(-6)?
3, 11
What are the prime factors of 11/(891/24525) - 2/(-9)?
3, 101
What are the prime factors of 5*6/10 - -54?
3, 19
Suppose 15*o - 8252 + 2492 = 0. What are the prime factors of o?
2, 3
What are the prime factors of (36/(-5))/((-6)/20)?
2, 3
Suppose 0 = 4*r + 11 + 1. Let p(z) = 1 + 4*z - z**3 + 3*z**2 - 3*z**2. What are the prime factors of p(r)?
2
Let v = 133 - 42. What are the prime factors of v?
7, 13
Suppose -5*m - 28 = d, -4*m - 25 = 3*d + 4. Let t(u) = -u + 3*u**2 - 3*u**2 + 4*u**2 - 2 + u**3. List the prime factors of t(d).
2, 5
Suppose -5*d + 26 + 174 = 0. What are the prime factors of d?
2, 5
Suppose z = p + p + 49, 4*p + 3*z = -73. Let x = 15 + p. Let q(b) = -b**3 - 7*b**2 - 2*b - 4. What are the prime factors of q(x)?
2, 5
Let r(w) be the second derivative of -4/3*w**3 + 0 - 1/12*w**4 - 2*w - 5/2*w**2. What are the prime factors of r(-6)?
7
Let t = 37 - -39. What are the prime factors of t?
2, 19
Let f(l) = -3*l + 41. What are the prime factors of f(-9)?
2, 17
Let v = 121 + 29. What are the prime factors of v?
2, 3, 5
Suppose g + g - 8 = 0. Suppose -2*n + m = -19 + 6, g*n = -4*m + 8. List the prime factors of n.
5
Let k = 14 + -10. Suppose k*d - f = f + 38, 5*f - 15 = 0. List the prime factors of d.
11
Let g be 2*13 - (-4 + 6). Suppose 3*x + g = 3*d, d + 4*x + 4 = 12. What are the prime factors of d?
2
Suppose 10 = l - 3*j, 5*l - 4*j = -9*j + 130. Let g = -8 + l. List the prime factors of g.
2, 7
Suppose -12 = -2*m + 3*f - 5*f, -m + 3 = -2*f. Suppose -k = 4*k - a - 53, -65 = -5*k + m*a. List the prime factors of k.
2, 5
Let s = 5 - 7. List the prime factors of (s/(-4))/(3/36).
2, 3
Let o = 28 - 24. What are the prime factors of o?
2
Suppose 0*u + 3 = 3*h + u, 5*h = -u + 3. Suppose h*w + 18 = -3*w. List the prime factors of 14/w*(-7 - -4).
7
Suppose 3*o = -63 - 135. Let j = -46 - o. Suppose -2*b - y + 14 = 0, 3*y + j = 2*b - 2. What are the prime factors of b?
2
Suppose 390 = 2*l + 114. Suppose -6*s + 2*s + 2*c = -l, -2*s - 2*c = -54. List the prime factors of s.
2
Suppose 0 = -3*i - 148 + 397. What are the prime factors of i?
83
Let g be (1 - 6)*(-54)/(-15). Let s = g + 27. List the prime factors of s.
3
Suppose -4*l - 29 = 4*s - s, 40 = -5*s - 5*l. Let d = s + 3. Suppose d = y - 4*j + 7, -4*y + 2*y + 7 = -j. What are the prime factors of y?
5
Let x(h) = -3*h + 11. List the prime factors of x(0).
11
Let d(q) = -q**2 - 12*q - 8. Let b be d(-11). Suppose 2*z - b = z. What are the prime factors of z?
3
Let h be (-25)/(-2)*64/20. Suppose 3*b + 65 = -2*p, p + 3*b + h = -b. Let q = -16 - p. What are the prime factors of q?
2, 3
Let z(k) = -k**3 - 5*k**2 + 7*k + 8. What are the prime factors of z(-7)?
3, 19
Suppose -2*r - 4 = -44. What are the prime factors of r?
2, 5
Let t = -8 - -10. Let f = 4 - t. Suppose 6 + 20 = f*v. List the prime factors of v.
13
Suppose -4*d - 138 = -5*t + 1145, -4*d - 1024 = -4*t. List the prime factors of t.
7, 37
Suppose 0 = -2*t + 4*z, 14 + 31 = 4*t + z. Let r be -2 + 1/(-2)*-10. Let n = t - r. List the prime factors of n.
7
Let d(y) = 14*y. Let a be d(3). What are the prime factors of (-2)/(-10) - a/(-15)?
3
Suppose -3*x = -2*x - j - 6, 2*x - 15 = 3*j. Suppose 6 = -z + x*z. What are the prime factors of z?
3
Let b be 1 - (0 + (-2)/2). Suppose 5*d - 15 = -b*p + 12, 5*p - 10 = -d. Suppose 5*y + 2*x - 60 = x, d*y - 60 = 2*x. List the prime factors of y.
2, 3
Let t = 98 - 57. What are the prime factors of t?
41
Suppose 3*i - 5*i = -4. Suppose -i*j - j = -27. Let o = 21 - j. What are the prime factors of o?
2, 3
Suppose 0*u = -4*u + 8. Suppose -5*y + u*b = -72, 0*b = -y + 4*b. List the prime factors of y.
2
Suppose -n - 3*b + 2 = 2*b, 0 = -n - 3*b + 2. Suppose -o - 12 = n*o. Let a = o + 21. List the prime factors of a.
17
Suppose 0 = 12*m - 897 - 231. What are the prime factors of m?
2, 47
Let a(h) = 140*h - 13. List the prime factors of a(2).
3, 89
Suppose -5*r = 131 - 371. What are the prime factors of r?
2, 3
Let k = 5 - 3. Suppose p = k*g - 8, -2*g - 5*p + 20 = -0*g. Let b(l) = -l**3 + 4*l**2 + 6*l - 1. What are the prime facto